5, 14591
List the prime factors of 273754.
2, 13, 10529
What are the prime factors of 707887?
707887
What are the prime factors of 272466?
2, 3, 15137
List the prime factors of 1526663.
191, 7993
List the prime factors of 292147.
292147
What are the prime factors of 68553?
3, 2539
List the prime factors of 232268.
2, 58067
What are the prime factors of 15673372?
2, 11, 13, 47, 53
What are the prime factors of 2547371?
41, 62131
List the prime factors of 1008734.
2, 23, 21929
What are the prime factors of 141036?
2, 3, 7, 23, 73
List the prime factors of 4030635.
3, 5, 7, 23, 1669
List the prime factors of 1879590.
2, 3, 5, 62653
What are the prime factors of 347805?
3, 5, 59, 131
List the prime factors of 84738.
2, 3, 29, 487
List the prime factors of 428400.
2, 3, 5, 7, 17
What are the prime factors of 7411369?
7, 1058767
What are the prime factors of 605040?
2, 3, 5, 2521
List the prime factors of 14839385.
5, 11, 17, 59, 269
What are the prime factors of 11961799?
3361, 3559
What are the prime factors of 18814888?
2, 167, 14083
What are the prime factors of 3081630?
2, 3, 5, 139, 739
List the prime factors of 1170319.
199, 5881
What are the prime factors of 353375?
5, 11, 257
List the prime factors of 930380.
2, 5, 11, 4229
What are the prime factors of 383160?
2, 3, 5, 31, 103
List the prime factors of 683304.
2, 3, 71, 401
What are the prime factors of 1875359?
43, 43613
What are the prime factors of 26684141?
11, 37, 65563
What are the prime factors of 209182?
2, 41, 2551
What are the prime factors of 1487671?
29, 43, 1193
What are the prime factors of 12705156?
2, 3, 139, 2539
List the prime factors of 339045.
3, 5, 7, 3229
List the prime factors of 274460.
2, 5, 13723
List the prime factors of 2070575.
5, 13, 23, 277
List the prime factors of 34511801.
101, 341701
List the prime factors of 157668.
2, 3, 7, 1877
What are the prime factors of 160274?
2, 127, 631
What are the prime factors of 13914453?
3, 7, 397, 1669
What are the prime factors of 1266160?
2, 5, 7, 17, 19
List the prime factors of 127349.
347, 367
List the prime factors of 725457.
3, 79, 3061
List the prime factors of 3729393.
3, 31, 13367
What are the prime factors of 201843?
3, 41, 547
List the prime factors of 77550.
2, 3, 5, 11, 47
List the prime factors of 125732.
2, 17, 43
What are the prime factors of 1658673?
3, 17, 37, 293
List the prime factors of 413960.
2, 5, 79, 131
What are the prime factors of 18145277?
18145277
What are the prime factors of 369347?
11, 33577
What are the prime factors of 37969?
43, 883
List the prime factors of 8715571.
967, 9013
List the prime factors of 18452811.
3, 13, 47, 10067
What are the prime factors of 1091275?
5, 43651
What are the prime factors of 25249727?
19, 41, 32413
List the prime factors of 2077080.
2, 3, 5, 19, 911
What are the prime factors of 5928278?
2, 541, 5479
List the prime factors of 4472473.
43, 47, 2213
What are the prime factors of 201620?
2, 5, 17, 593
What are the prime factors of 48576?
2, 3, 11, 23
What are the prime factors of 4677030?
2, 3, 5, 157, 331
List the prime factors of 32104724.
2, 179, 44839
List the prime factors of 1081965.
3, 5, 17, 4243
What are the prime factors of 945245?
5, 7, 113, 239
List the prime factors of 10037431.
401, 25031
What are the prime factors of 4352548?
2, 59, 18443
What are the prime factors of 6139210?
2, 5, 7, 11, 17, 67
What are the prime factors of 398192?
2, 41, 607
What are the prime factors of 434237?
434237
List the prime factors of 1155396.
2, 3, 11, 8753
List the prime factors of 6400214.
2, 103, 31069
What are the prime factors of 1800379?
7, 311, 827
List the prime factors of 1965973.
1965973
List the prime factors of 4951762.
2, 23, 107647
What are the prime factors of 69313?
69313
What are the prime factors of 151111?
137, 1103
List the prime factors of 102499.
102499
What are the prime factors of 566522?
2, 11, 2341
What are the prime factors of 9488196?
2, 3, 263561
List the prime factors of 534975.
3, 5, 7, 1019
What are the prime factors of 11599279?
11599279
What are the prime factors of 843241?
7, 17209
What are the prime factors of 310052?
2, 77513
List the prime factors of 312964.
2, 78241
List the prime factors of 1180254.
2, 3, 196709
What are the prime factors of 6979846?
2, 43, 277, 293
List the prime factors of 1286646.
2, 3, 43, 4987
What are the prime factors of 5288086?
2, 2644043
What are the prime factors of 214530?
2, 3, 5, 7151
What are the prime factors of 1873786?
2, 233, 4021
What are the prime factors of 1777605?
3, 5, 17, 6971
List the prime factors of 36513.
3, 4057
List the prime factors of 9123058.
2, 7, 651647
List the prime factors of 438945.
3, 5, 13, 2251
List the prime factors of 2626970.
2, 5, 262697
List the prime factors of 603998.
2, 301999
List the prime factors of 4722468.
2, 3, 393539
List the prime factors of 382642.
2, 13, 14717
What are the prime factors of 12095216?
2, 7, 79, 1367
List the prime factors of 509836.
2, 197, 647
What are the prime factors of 529101?
3, 58789
List the prime factors of 550581.
3, 183527
What are the prime factors of 216034?
2, 7, 13, 1187
List the prime factors of 1568843.
73, 21491
List the prime factors of 5967641.
53, 109, 1033
What are the prime factors of 3596630?
2, 5, 359663
What are the prime factors of 126857?
126857
List the prime factors of 5992764.
2, 3, 499397
List the prime factors of 336481.
17, 19793
What are the prime factors of 1217766?
2, 3, 11, 18451
List the prime factors of 751631.
751631
What are the prime factors of 119305?
5, 107, 223
List the prime factors of 55088.
2, 11, 313
List the prime factors of 251407.
13, 83, 233
What are the prime factors of 2042720?
2, 5, 17, 751
List the prime factors of 17224.
2, 2153
What are the prime factors of 94254?
2, 3, 23, 683
What are the prime factors of 215232?
2, 3, 19, 59
What are the prime factors of 101415?
3, 5, 6761
What are the prime factors of 115280?
2, 5, 11, 131
List the prime factors of 3509328.
2, 3, 113, 647
List the prime factors of 376624.
2, 23539
List the prime factors of 8535362.
2, 11, 387971
What are the prime factors of 168079?
17, 9887
List the prime factors of 3317567.
11, 17, 113, 157
List the prime factors of 2226374.
2, 1113187
List the prime factors of 3460444.
2, 13, 5119
List the prime factors of 211072.
2, 17, 97
What are the prime factors of 999667?
999667
What are the prime factors of 65780?
2, 5, 11, 13, 23
List the prime factors of 611250.
2, 3, 5, 163
List the prime factors of 340130.
2, 5, 7, 43, 113
What are the prime factors of 171707?
171707
List the prime factors of 481903.
223, 2161
What are the prime factors of 1503213?
3, 83, 6037
List the prime factors of 2061567.
3, 157, 1459
What are the prime factors of 766556?
2, 7, 3911
List the prime factors of 633817.
71, 79, 113
What are the prime factors of 5794329?
3, 61, 31663
What are the prime factors of 2375467?
191, 12437
What are the prime factors of 15462628?
2, 43, 89899
List the prime factors of 432022.
2, 19, 11369
List the prime factors of 12782854.
2, 7, 97, 9413
What are the prime factors of 168694?
2, 84347
List the prime factors of 24564295.
5, 7, 701837
What are the prime factors of 12588062?
2, 6294031
List the prime factors of 26224586.
2, 829, 15817
List the prime factors of 328316.
2, 211, 389
List the prime factors of 307522.
2, 179, 859
List the prime factors of 14240.
2, 5, 89
What are the prime factors of 7421678?
2, 11, 337349
What are the prime factors of 8619667?
7, 1231381
What are the prime factors of 634214?
2, 7, 89, 509
List the prime factors of 288432.
2, 3, 2003
List the prime factors of 271919.
271919
List the prime factors of 2941598.
2, 11, 133709
List the prime factors of 255628.
2, 63907
What are the prime factors of 599362?
2, 299681
What are the prime factors of 1250383?
821, 1523
What are the prime factors of 159990?
2, 3, 5, 5333
List the prime factors of 257286.
2, 3, 137, 313
What are the prime factors of 3886514?
2, 1943257
What are the prime factors of 497778?
2, 3, 82963
What are the prime factors of 2178344?
2, 7, 5557
List the prime factors of 459610.
2, 5, 19, 41, 59
What are the prime factors of 16324202?
2, 89, 293, 313
What are the prime factors of 1836498?
2, 3, 306083
What